 to base 14
157d23
-192322 (base 11) to base 8
-1101675
Convert -14690d0 (base 15) to base 10.
-14762445
Convert -2aa5a8b (base 12) to base 9.
-17285668
Convert 13534263 (base 9) to base 8.
31424673
2202121200202 (base 3) to base 13
3c567b
What is -11a0b (base 13) in base 12?
-1694b
What is -306776 (base 9) in base 2?
-101100011110001101
What is 2286658 (base 9) in base 3?
2022220201222
What is 261159 (base 10) in base 5?
31324114
Convert -302b25 (base 12) to base 10.
-751565
1300220 (base 5) to base 4
12013210
Convert 100001000111011000 (base 2) to base 8.
410730
221661 (base 8) to base 6
1333413
What is 8eb32 (base 16) in base 13?
176075
Convert a53590 (base 12) to base 14.
4b8b24
Convert 13322320 (base 5) to base 8.
411430
-76629 (base 11) to base 15
-22e55
3bd376 (base 14) to base 7
23421006
What is 9b6990 (base 15) in base 6?
422522300
202021002121 (base 3) to base 2
1100001010111110001
What is -23642132 (base 8) in base 10?
-5194842
Convert 750037 (base 8) to base 5.
30444022
What is 7056b (base 16) in base 3?
212101012012
Convert -2563718 (base 10) to base 5.
-1124014333
What is 97c (base 16) in base 3?
10022221
Convert -1bb2639 (base 12) to base 14.
-b1059b
What is -3051b2 (base 12) in base 7?
-6264242
What is -26587 (base 13) in base 11?
-495a2
-489c85 (base 14) to base 10
-2485789
Convert 18174 (base 9) to base 13.
5929
What is -1302113111 (base 4) in base 2?
-1110010010111010101
What is 110425143 (base 6) in base 8?
7467227
What is -210135335 (base 6) in base 14?
-6b0cc3
What is -17431721 (base 8) in base 4?
-33203033101
-106003 (base 13) to base 6
-12123554
What is 2cada1 (base 15) in base 16?
210184
What is -3300400 (base 8) in base 12?
-368194
What is 10a79e (base 15) in base 5?
200413344
221121101200 (base 3) to base 2
1111011000011011011
What is 2755fa (base 16) in base 8?
11652772
6521563 (base 7) to base 15
10a9e4
Convert -83436 (base 10) to base 13.
-2bc92
30404414 (base 5) to base 15
4d4de
What is -41310112 (base 5) in base 12?
-143839
121111111021 (base 3) to base 12
137b37
Convert -354cc76 (base 13) to base 16.
-fb7589
What is -335b (base 14) in base 8?
-21305
What is -41535225 (base 7) in base 4?
-31113223323
Convert -68c39 (base 13) to base 3.
-100201000202
What is -212312100 (base 4) in base 14?
-41dba
Convert a995d (base 15) to base 2.
10000011100001110010
What is -20011111203 (base 4) in base 16?
-205563
Convert -16c6c (base 16) to base 6.
-1555524
What is -1000000110111011011110 (base 2) in base 16?
-206ede
Convert -56c05 (base 15) to base 4.
-1003121300
Convert 2ecc5b (base 16) to base 7.
35032415
-2217fe (base 16) to base 13
-603014
What is 11100010001010000000 (base 2) in base 13?
265838
Convert -139357 (base 11) to base 10.
-217378
Convert 102370 (base 9) to base 12.
2b239
33528 (base 16) to base 4
303110220
31d4d (base 16) to base 4
301311031
-33b857 (base 12) to base 16
-ca603
What is 55a2 (base 16) in base 9?
33057
What is -609 (base 15) in base 6?
-10143
5040202 (base 6) to base 5
30113123
Convert -183277a (base 11) to base 15.
-415b0d
126250 (base 8) to base 7
242602
What is 2340340124 (base 5) in base 16?
526fab
3396575 (base 10) to base 3
20101120020002
What is 121002002 (base 5) in base 14?
109128
Convert -3052058 (base 12) to base 11.
-5131871
What is -50224203 (base 6) in base 3?
-2200002011210
What is -2190898 (base 10) in base 9?
-4108311
-84901 (base 15) to base 16
-66aae
Convert 1200035 (base 8) to base 15.
67174
Convert 28a1c3 (base 16) to base 10.
2662851
Convert -12275175 (base 9) to base 7.
-102054365
What is 222112130122 (base 4) in base 14?
168dca6
What is -35652126 (base 7) in base 9?
-5864733
213287 (base 11) to base 8
1232121
Convert be799 (base 16) to base 14.
164477
321641 (base 10) to base 16
4e869
-13030344 (base 5) to base 9
-213152
What is -726461 (base 8) in base 10?
-240945
What is -411540 (base 8) in base 6?
-2525440
What is -1224502420 (base 6) in base 16?
-d9062c
67443 (base 9) to base 16
af20
What is -10414332124 (base 5) in base 16?
-af2ce1
3056727 (base 8) to base 12
33101b
Convert -223199 (base 16) to base 5.
-1033202141
2224523 (base 7) to base 16
43394
Convert -42031611 (base 7) to base 3.
-20122201021210
What is -103010032 (base 4) in base 7?
-443452
What is 37720 (base 12) in base 13?
283a1
Convert 1513534 (base 6) to base 9.
143244
Convert -201311300 (base 4) to base 5.
-13413413
120635 (base 8) to base 15
c3d3
Convert 17127001 (base 9) to base 13.
1a15626
-1c244 (base 13) to base 14
-16235
Convert -4233043 (base 5) to base 13.
-26434
What is 123144410 (base 6) in base 12?
975106
What is -4141621 (base 7) in base 5?
-111411114
Convert -2022102132 (base 4) to base 11.
-357627
4451422 (base 7) to base 12
226614
What is 2d17b2 (base 15) in base 8?
10245550
31303220 (base 4) to base 9
85515
What is 139942 (base 11) in base 12?
a6260
What is -433204222 (base 5) in base 6?
-103355230
What is -456e4 (base 15) in base 2?
-110101111100001011
What is -2714412 (base 8) in base 9?
-1377556
-441730 (base 8) to base 15
-2deb0
Convert 12003326 (base 7) to base 12.
431545
154102 (base 10) to base 8
454766
Convert 225312156 (base 7) to base 13.
2b2a95c
-37134 (base 12) to base 2
-10010001011111000
Convert b83a8 (base 13) to base 16.
51268
What is 53020 (base 12) in base 6?
2200040
Convert 117153 (base 10) to base 13.
4142a
Convert 122504122 (base 7) to base 4.
131133312301
What is -4312244111 (base 5) in base 11?
-5158273
-23132355 (base 7) to base 9
-3725586
81693 (base 14) to base 11
1a2a40
What is 642503 (base 7) in base 13?
3b909
Convert 2439313 (base 10) to base 15.
332b5d
-3842211 (base 9) to base 7
-23542450
-3023000 (base 4) to base 8
-31300
Convert -3359 (base 14) to base 11.
-6760
What is -5a505 (base 12) in base 6?
-2335205
Convert -4b738 (base 13) to base 12.
-68989
Convert 3d269 (base 14) to base 12.
73751
What is -14260304 (base 7) in base 5?
-320423220
What is 73165 (base 9) in base 4?
23301332
What is -161267 (base 9) in base 7?
-562462
200313 (base 7) to base 16
83eb
165607 (base 8) to base 2
1110101110000111
What is -325315 (base 7) in base 3?
-2220022201
What is 124950 (base 10) in base 6?
2402250
a761 (base 11) to base 9
21454
Convert -202364 (base 11) to base 3.
-121112002100
Convert 4da622 (base 16) to base 9.
10515464
What is 1b0135 (base 13) in base 10?
685677
What is -43403111 (base 8) in base 14?
-1344053
Convert -10133332 (base 6) to base 16.
-47618
What is 1231400 (base 5) in base 3?
1012212222
Convert 5033212 (base 7) to base 16.
91a68
Convert -35812432 (base 9) to base 16.
-10ad41c
-112111012021 (base 3) to base 8
-1054775
Convert 321454 (base 7) to base 4.
31213321
Convert -222476 (base 8) to base 2.
-10010010100111110
4021c (base 15) to base 6
4203413
Convert 6241084 (base 9) to base 2.
1100101101111010100001
What is 70e92 (base 15) in base 11?
224798
-506769 (base 10) to base 7
-4210314
-41a38 (base 11) to base 16
-eeda
15ad18 (base 15) to base 3
1222022020012
Convert 17247113 (base 8) to base 2.
1111010100111001001011
-a0115 (base 11) to base 14
-3b599
-110100101011000001 (base 2) to base 9
-357846
Convert 100442404 (base 7) to base 6.
325120411
-10204144 (base 5) to base 6
-1453100
2755d5 (base 15) to base 5
441010300
What is -1210110 (base 6) in base 16?
-f83a
Convert 12324210 (base 6) to base 3.
202022211220
Convert -1bb41a (base 13) to base 9.
-1302345
What is -3001213331 (base 4) in base 12?
-322b65
What is 6315204 (base 8) in base 11?
a46745
What is 1273014 (base 9) in base 13?
1b5728
What is -17460988 (base 10) in base 8?
-102467374
5404504 (base 9) to base 12
b7841a
What is 12a0a4 (base 13) in base 16?
6dfd7
-ab32 (base 13) to base 2
-101110100111110
Convert 37121257 (base 8) to base 14.
1128a07
363225 (base 10) to base 4
1120223121
Convert 11606453 (base 7) to base 16.
fef66
-28335b (base 13) to base 11
-608a77
204402143 (base 7) to base 16
b82560
Convert 1010111001000111 (base 2) to base 8.
127107
What is -210201011111 (base 3) in base 10?
-427315
Convert -10211201022 (base 4) to base 9.
-2232153
Convert 220112103 (base 4) to base 15.
33e7c
-2053838 (base 10) to base 16
-1f56ce
12464075 (base 9) to base 13
1365806
What is -103431215 (base 6) in base 11?
-1057660
Convert 29a2c2 (base 13) to base 16.
f9895
What is -b2a0e4 (base 15) in base 